{"id":5,"date":"2020-11-22T10:54:35","date_gmt":"2020-11-22T09:54:35","guid":{"rendered":"http:\/\/rikelza.com\/?page_id=5"},"modified":"2024-10-22T08:58:41","modified_gmt":"2024-10-22T06:58:41","slug":"accueil","status":"publish","type":"page","link":"https:\/\/srcosset.com\/","title":{"rendered":"S\u00e9bastien R. COSSET \u00c9ditions RIKELZA"},"content":{"rendered":"\n<p class=\"has-text-align-center\">Bienvenue sur le site d\u00e9di\u00e9 aux ouvrages publi\u00e9s par les \u00c9ditions RIKELZA et \u00e0 leur auteur, S\u00e9bastien R. COSSET.<\/p>\n\n\n\n<p class=\"has-text-align-center\">En naviguant dans le menu ci-dessus, vous pourrez obtenir toutes les informations n\u00e9cessaires sur les livres, des visuels, et la possibilit\u00e9 de les commander. <\/p>\n","protected":false},"excerpt":{"rendered":"<p>Bienvenue sur le site d\u00e9di\u00e9 aux ouvrages publi\u00e9s par les \u00c9ditions RIKELZA et \u00e0 leur auteur, S\u00e9bastien R. COSSET. En naviguant dans le menu ci-dessus, vous pourrez obtenir toutes les informations n\u00e9cessaires sur les livres, des visuels, et la possibilit\u00e9 de les commander.<\/p>\n","protected":false},"author":2,"featured_media":327,"parent":0,"menu_order":1,"comment_status":"closed","ping_status":"closed","template":"","meta":{"footnotes":""},"class_list":["post-5","page","type-page","status-publish","has-post-thumbnail","hentry"],"_links":{"self":[{"href":"https:\/\/srcosset.com\/index.php?rest_route=\/wp\/v2\/pages\/5","targetHints":{"allow":["GET"]}}],"collection":[{"href":"https:\/\/srcosset.com\/index.php?rest_route=\/wp\/v2\/pages"}],"about":[{"href":"https:\/\/srcosset.com\/index.php?rest_route=\/wp\/v2\/types\/page"}],"author":[{"embeddable":true,"href":"https:\/\/srcosset.com\/index.php?rest_route=\/wp\/v2\/users\/2"}],"replies":[{"embeddable":true,"href":"https:\/\/srcosset.com\/index.php?rest_route=%2Fwp%2Fv2%2Fcomments&post=5"}],"version-history":[{"count":7,"href":"https:\/\/srcosset.com\/index.php?rest_route=\/wp\/v2\/pages\/5\/revisions"}],"predecessor-version":[{"id":319,"href":"https:\/\/srcosset.com\/index.php?rest_route=\/wp\/v2\/pages\/5\/revisions\/319"}],"wp:featuredmedia":[{"embeddable":true,"href":"https:\/\/srcosset.com\/index.php?rest_route=\/wp\/v2\/media\/327"}],"wp:attachment":[{"href":"https:\/\/srcosset.com\/index.php?rest_route=%2Fwp%2Fv2%2Fmedia&parent=5"}],"curies":[{"name":"wp","href":"https:\/\/api.w.org\/{rel}","templated":true}]}}